c8?
-3b42c7
In base 4, what is 12311103102331 + 3?
12311103103000
In base 9, what is 20241 - -6016?
26257
In base 13, what is -2a + 68795a8?
687957b
In base 3, what is -1012202010202 + -20100?
-1012202101002
In base 9, what is -2 - -313886?
313884
In base 9, what is -1108 - -563466?
562357
In base 14, what is 58439a7 + 7?
58439b0
In base 16, what is 2 + 5238cf?
5238d1
In base 15, what is -2ad9 + 298?
-2841
In base 3, what is 100 + 11101022122?
11101022222
In base 4, what is 23333 + -32233?
-2300
In base 12, what is 2243b5 - 108?
2242a9
In base 5, what is 1033 - 2211240442?
-2211234404
In base 12, what is -62a8 + -212?
-64ba
In base 8, what is 23 + -2624125?
-2624102
In base 10, what is 2399 - -3890?
6289
In base 9, what is -1772716705 + -5?
-1772716711
In base 4, what is 21031300202 + -21?
21031300121
In base 15, what is 20c87e7 + -3?
20c87e4
In base 9, what is -3500147 + 267?
-3488770
In base 12, what is 971a2 + 138?
9731a
In base 4, what is 22123 + -1012303002?
-1012220213
In base 12, what is -5315 - -27181?
21a68
In base 9, what is 87635235 - -5?
87635241
In base 6, what is -13120 - 30055?
-43215
In base 14, what is 4 - -153c460?
153c464
In base 5, what is -100022 + 110331?
10304
In base 10, what is -1 + 4348243?
4348242
In base 9, what is -45107 - -3833?
-41164
In base 3, what is 2 + -20202002200101?
-20202002200022
In base 4, what is 13113330231 + 111?
13113331002
In base 13, what is 376 + -26bc?
-2346
In base 6, what is -300125 + -10225?
-310354
In base 7, what is 1554 - -5244130?
5246014
In base 16, what is 23aec5b - -f?
23aec6a
In base 13, what is -34c0 - 145?
-3635
In base 9, what is 1447418 + -182?
1447226
In base 10, what is -2877 - 4864?
-7741
In base 12, what is -5bb4 - -91?
-5b23
In base 4, what is -32 - -1021010231?
1021010133
In base 14, what is -13 + a04bcbb?
a04bca8
In base 8, what is 13700 - -3400?
17300
In base 4, what is -22220330210 - -231?
-22220323313
In base 2, what is 1010110 - -11110100011110110?
11110100101001100
In base 11, what is -9 + 6a220?
6a212
In base 15, what is ecb8ae + -2?
ecb8ac
In base 4, what is 1223030002 - -1013?
1223031021
In base 8, what is 545757312 - -1?
545757313
In base 15, what is -202 - -11368a?
113488
In base 6, what is -5 - 5113514124?
-5113514133
In base 13, what is 22b1 + -941?
1670
In base 14, what is -360 + bbd?
85d
In base 14, what is a99 - -1a42c?
1b0c7
In base 10, what is -16 - -1661127?
1661111
In base 4, what is -302 + 10211333123?
10211332221
In base 13, what is -2511610 - 1?
-2511611
In base 7, what is 116 + 50212560?
50213006
In base 15, what is -b - b92cc?
-b92d8
In base 16, what is -32 + -8b0e?
-8b40
In base 12, what is 10101 + -5b?
10062
In base 9, what is -68568 - 335?
-70014
In base 11, what is 11737 - -9547?
20183
In base 11, what is -9 - -431aa9?
431aa0
In base 10, what is -2006 - -50440?
48434
In base 3, what is 101 + 210020111222?
210020112100
In base 13, what is 1336 - 261b?
-12b5
In base 12, what is 0 - -51019052?
51019052
In base 9, what is 80224 + 323?
80547
In base 14, what is -140 + d861?
d721
In base 3, what is -201102101 + -112001?
-201221102
In base 14, what is -109cb9 + -337?
-10a212
In base 16, what is df828 + 6?
df82e
In base 16, what is -456 + -e17?
-126d
In base 8, what is -5 - -17772102?
17772075
In base 8, what is -303241 - -2256?
-300763
In base 4, what is -3003 + 1031303301?
1031300232
In base 11, what is 45aa7a14 + 1?
45aa7a15
In base 6, what is -253443 - -2431?
-251012
In base 5, what is -22 + -311231424?
-311232001
In base 9, what is 6507857 + 34?
6508002
In base 6, what is -401544 + 543?
-401001
In base 2, what is 1110110110110 + -100?
1110110110010
In base 9, what is -2 - -274116454?
274116452
In base 12, what is 6b54426 + 2?
6b54428
In base 12, what is -234a + b594?
9246
In base 8, what is 61424330 + 20?
61424350
In base 7, what is -302 - 1361010?
-1361312
In base 5, what is 12032 + -210013?
-142431
In base 3, what is 20120102012112 - 22101?
20120101220011
In base 5, what is -23210231 + -224?
-23211010
In base 15, what is -5560 - -a7?
-54a8
In base 4, what is -10322 + -22322230?
-22333212
In base 11, what is 10 + 5548249?
5548259
In base 8, what is -1470350 - -60?
-1470270
In base 14, what is -108cc - -213?
-106b9
In base 14, what is 25c - 211c?
-1ca0
In base 16, what is -19a25 - -202?
-19823
In base 9, what is -2615 - 10787?
-13513
In base 9, what is 10708 + -357?
10341
In base 8, what is -1507753 - 6?
-1507761
In base 16, what is 7d9076 + -5f?
7d9017
In base 4, what is -203202323123033 - 3?
-203202323123102
In base 14, what is bc66 - 19?
bc4b
In base 8, what is -3 + 4656265?
4656262
In base 14, what is -10d2c82 + -5?
-10d2c87
In base 14, what is -113d9913 - 5?
-113d9918
In base 10, what is -47 + 177002?
176955
In base 2, what is -100110 + 10001010011011110110?
10001010011011010000
In base 9, what is -301343175 + 5?
-301343170
In base 9, what is -68385 - -577?
-67707
In base 11, what is -3 + 2153a29?
2153a26
In base 2, what is 1010101010100111 - 11110?
1010101010001001
In base 9, what is -3551 + 33864?
30313
In base 6, what is -15 - 4435020?
-4435035
In base 3, what is -102121011211 + 10010021?
-102111001120
In base 3, what is -2021110 + -1122221121?
-1202020001
In base 3, what is -1010220121 - 101011000?
-1112001121
In base 12, what is 82 + -34748b?
-347409
In base 10, what is -16601 + -31853?
-48454
In base 10, what is 407157 + -1877?
405280
In base 16, what is 1770 - -268e?
3dfe
In base 11, what is 4 - -2151692?
2151696
In base 12, what is -12 + -2a1607?
-2a1619
In base 14, what is 2 + 136c0c6?
136c0c8
In base 3, what is 0 + 10100221211001212?
10100221211001212
In base 5, what is 1302122 + 302044?
2104221
In base 9, what is 565336010 + -2?
565336007
In base 14, what is -4 - -3738c6?
3738c2
In base 7, what is 131 + 126033?
126164
In base 11, what is -6 - 3008181?
-3008187
In base 5, what is 23011441 + -1320?
23010121
In base 4, what is 120311332 + 30330?
121002322
In base 7, what is -11242 + -4403100?
-4414342
In base 7, what is 12 - -5465530?
5465542
In base 15, what is 3 + 1175cba9?
1175cbac
In base 8, what is 27 - -10105037?
10105066
In base 10, what is 210 - 7926?
-7716
In base 12, what is 71b0057 - 5?
71b0052
In base 6, what is 124413113 + -122?
124412551
In base 4, what is -202302 + 2100013212?
2033210310
In base 5, what is 2 - -13131220142?
13131220144
In base 10, what is 23687 - 524?
23163
In base 7, what is 543616 - 545?
543041
In base 9, what is 4 - -181047782?
181047786
In base 12, what is -b1 + -550aaa?
-550b9b
In base 4, what is -132130023302 - -213?
-132130023023
In base 14, what is -58dc - -7?
-58d5
In base 9, what is 5 + 4640812?
4640817
In base 13, what is -3 - -a31106?
a31103
In base 15, what is -5924 - -2c29?
-2bea
In base 16, what is 1c67274 + 1?
1c67275
In base 5, what is -3244323 - -1?
-3244322
In base 15, what is -119 + 634e4?
633ca
In base 16, what is 26 + -360f9f?
-360f79
In base 16, what is 2ac5ec + -8d?
2ac55f
In base 9, what is 227176 - -184?
227371
In base 2, what is 111000111 + -100011011100110?
-100010100011111
In base 5, what is -2 + -33314310304?
-33314310311
In base 7, what is -2646 - -50546?
44600
In base 2, what is -1010001010100110001100011 + 1?
-1010001010100110001100010
In base 5, what is -332202 + 13210?
-313442
In base 15, what is -1334e + -6cc?
-13a2b
In base 15, what is b75e6 + -32?
b75b4
In base 14, what is -12c - 3d152?
-3d280
In base 14, what is 0 + d229a6?
d229a6
In base 11, what is -15 + -155300?
-155315
In base 16, what is 2e + 1bb59?
1bb87
In base 9, what is -2 + 34772316?
34772314
In base 3, what is 212000 + -2020022212120?
-2020022000120
In base 5, what is 30422404 - -20330?
30443234
In base 13, what is 10391 + -3c86?
9408
In base 3, what is -112001112 - -110100?
-111121012
In base 15, what is 63d30 - 2a?
63d05
In base 8, what is -62563 - 22?
-62605
In base 3, what is 120211 + -20120122?
-12222211
In base 3, what is -10 + 11201102110?
11201102100
In base 2, what is 11011001001010111111000 + -100?
11011001001010111110100
In base 13, what is 0 + 4c9162?
4c9162
In base 7, what is 55 + -23336554?
-23336466
In base 15, what is -d29455 + e?
-d29446
In base 11, what is 20 - 105209?
-105199
In base 14, what is 4 - 6b7d375?
-6b7d371
In base 16, what is 96952d6 - -4?
96952da
In base 8, what is 3442